{"id":2229,"date":"2023-08-28T00:17:59","date_gmt":"2023-08-28T00:17:59","guid":{"rendered":"https:\/\/development.wyde.dog\/?page_id=2229"},"modified":"2024-02-28T21:44:31","modified_gmt":"2024-02-28T21:44:31","slug":"angebote","status":"publish","type":"page","link":"https:\/\/dev.wyde.dog\/index.php\/angebote\/","title":{"rendered":"Trainings &#038; Kurse"},"content":{"rendered":"<p><div class=\"fusion-fullwidth fullwidth-box fusion-builder-row-1 fusion-flex-container nonhundred-percent-fullwidth non-hundred-percent-height-scrolling\" style=\"--awb-border-radius-top-left:0px;--awb-border-radius-top-right:0px;--awb-border-radius-bottom-right:0px;--awb-border-radius-bottom-left:0px;--awb-margin-bottom:90px;--awb-flex-wrap:wrap;\" ><div class=\"fusion-builder-row fusion-row fusion-flex-align-items-flex-start fusion-flex-content-wrap\" style=\"max-width:1419.6px;margin-left: calc(-4% \/ 2 );margin-right: calc(-4% \/ 2 );\"><div class=\"fusion-layout-column fusion_builder_column fusion-builder-column-0 fusion_builder_column_1_3 1_3 fusion-flex-column fusion-animated\" style=\"--awb-bg-size:cover;--awb-width-large:33.333333333333%;--awb-margin-top-large:0px;--awb-spacing-right-large:7.68%;--awb-margin-bottom-large:20px;--awb-spacing-left-large:5.76%;--awb-width-medium:33.333333333333%;--awb-spacing-right-medium:7.68%;--awb-spacing-left-medium:5.76%;--awb-width-small:100%;--awb-spacing-right-small:1.92%;--awb-spacing-left-small:1.92%;\" data-animationType=\"fadeInUp\" data-animationDuration=\"0.8\" data-animationOffset=\"top-into-view\"><div class=\"fusion-column-wrapper fusion-column-has-shadow fusion-flex-justify-content-flex-start fusion-content-layout-column\"><div class=\"fusion-image-element \" style=\"--awb-aspect-ratio:2 \/ 3;--awb-object-position:43% 52%;--awb-caption-title-font-family:var(--h2_typography-font-family);--awb-caption-title-font-weight:var(--h2_typography-font-weight);--awb-caption-title-font-style:var(--h2_typography-font-style);--awb-caption-title-size:var(--h2_typography-font-size);--awb-caption-title-transform:var(--h2_typography-text-transform);--awb-caption-title-line-height:var(--h2_typography-line-height);--awb-caption-title-letter-spacing:var(--h2_typography-letter-spacing);\"><span class=\" fusion-imageframe imageframe-none imageframe-1 hover-type-none has-aspect-ratio\"><img decoding=\"async\" width=\"2552\" height=\"2560\" title=\"_DSC8361 &#8211; Kopie\" src=\"https:\/\/dev.wyde.dog\/wp-content\/uploads\/2020\/09\/DSC8361-Kopie-scaled.jpg\" data-orig-src=\"https:\/\/development.wyde.dog\/wp-content\/uploads\/2020\/09\/DSC8361-Kopie-scaled.jpg\" class=\"lazyload img-responsive wp-image-2172 img-with-aspect-ratio\" alt srcset=\"data:image\/svg+xml,%3Csvg%20xmlns%3D%27http%3A%2F%2Fwww.w3.org%2F2000%2Fsvg%27%20width%3D%272552%27%20height%3D%272560%27%20viewBox%3D%270%200%202552%202560%27%3E%3Crect%20width%3D%272552%27%20height%3D%272560%27%20fill-opacity%3D%220%22%2F%3E%3C%2Fsvg%3E\" data-srcset=\"https:\/\/dev.wyde.dog\/wp-content\/uploads\/2020\/09\/DSC8361-Kopie-200x201.jpg 200w, https:\/\/dev.wyde.dog\/wp-content\/uploads\/2020\/09\/DSC8361-Kopie-400x401.jpg 400w, https:\/\/dev.wyde.dog\/wp-content\/uploads\/2020\/09\/DSC8361-Kopie-600x602.jpg 600w, https:\/\/dev.wyde.dog\/wp-content\/uploads\/2020\/09\/DSC8361-Kopie-800x803.jpg 800w, https:\/\/dev.wyde.dog\/wp-content\/uploads\/2020\/09\/DSC8361-Kopie-1200x1204.jpg 1200w, https:\/\/dev.wyde.dog\/wp-content\/uploads\/2020\/09\/DSC8361-Kopie-scaled.jpg 2552w\" data-sizes=\"auto\" data-orig-sizes=\"(max-width: 800px) 100vw, 600px\" \/><\/span><\/div><\/div><\/div><div class=\"fusion-layout-column fusion_builder_column fusion-builder-column-1 fusion_builder_column_2_3 2_3 fusion-flex-column fusion-animated\" style=\"--awb-bg-size:cover;--awb-width-large:66.666666666667%;--awb-margin-top-large:0px;--awb-spacing-right-large:2.88%;--awb-margin-bottom-large:20px;--awb-spacing-left-large:7.68%;--awb-width-medium:66.666666666667%;--awb-spacing-right-medium:2.88%;--awb-spacing-left-medium:7.68%;--awb-width-small:100%;--awb-spacing-right-small:1.92%;--awb-spacing-left-small:1.92%;\" data-animationType=\"fadeInUp\" data-animationDuration=\"1.0\" data-animationOffset=\"top-into-view\"><div class=\"fusion-column-wrapper fusion-column-has-shadow fusion-flex-justify-content-flex-start fusion-content-layout-column\"><div class=\"fusion-title title fusion-title-1 fusion-sep-none fusion-title-text fusion-title-size-three\"><h3 class=\"fusion-title-heading title-heading-left fusion-responsive-typography-calculated\" style=\"margin:0;--fontSize:16;line-height:1.3;\">So arbeiten wir zusammen<\/h3><\/div><div class=\"fusion-title title fusion-title-2 fusion-sep-none fusion-title-text fusion-title-size-two\" style=\"--awb-text-color:#1e3120;--awb-margin-bottom:5%;--awb-font-size:31px;\"><h2 class=\"fusion-title-heading title-heading-left fusion-responsive-typography-calculated\" style=\"font-family:&quot;Trocchi&quot;;margin:0;font-size:1em;--fontSize:31;line-height:1.6;\">Meine Trainings &amp; Kurse<\/h2><\/div><div class=\"fusion-separator fusion-no-large-visibility fusion-full-width-sep\" style=\"align-self: center;margin-left: auto;margin-right: auto;margin-bottom:3%;width:100%;\"><\/div><div class=\"fusion-text fusion-text-1 awb-text-cols fusion-text-columns-2\" style=\"--awb-columns:2;--awb-column-spacing:9%;--awb-column-min-width:250px;\"><p>Ich biete Einzeltrainings &amp; Kurse an, um allen Anforderungen gerecht zu werden. Alle Betreuungskonzepte haben ihre Vor- und Nachteile. Abh\u00e4ngig von dir und deinem Hund behalte ich es mir vor bestimmte Trainingsformate zu nutzen, um euch bestm\u00f6glich zu helfen. Denn nicht jeder Hund ist f\u00fcr jedes Trainingsformat geschaffen.<\/p>\n<p>F\u00fcr meine Gruppenkurse kooperiere ich mit den Hundeverein &#8222;Hand in Pfote e.V.&#8220; in Vlotho. F\u00fcr meine Gruppenkurse kann ich den sehr ger\u00e4umigen Hundeplatz des Vereins nutzen. Das sind tolle Voraussetzungen f\u00fcr ein ideales Training in gro\u00dfen und kleinen Gruppen. M\u00f6chtest du mehr \u00fcber mein Angebot erfahren, dann klick dich einfach mal durch.<\/p>\n<\/div><div class=\"fusion-separator fusion-full-width-sep\" style=\"align-self: center;margin-left: auto;margin-right: auto;margin-bottom:3%;width:100%;\"><\/div><\/div><\/div><\/div><\/div><div class=\"fusion-fullwidth fullwidth-box fusion-builder-row-2 fusion-flex-container nonhundred-percent-fullwidth non-hundred-percent-height-scrolling\" style=\"--awb-border-radius-top-left:0px;--awb-border-radius-top-right:0px;--awb-border-radius-bottom-right:0px;--awb-border-radius-bottom-left:0px;--awb-padding-top:0px;--awb-padding-right:0px;--awb-padding-left:0px;--awb-margin-top:0px;--awb-margin-bottom:0px;--awb-flex-wrap:wrap;\" ><div class=\"fusion-builder-row fusion-row fusion-flex-align-items-stretch fusion-flex-content-wrap\" style=\"max-width:calc( 1365px + 0px );margin-left: calc(-0px \/ 2 );margin-right: calc(-0px \/ 2 );\"><div class=\"fusion-layout-column fusion_builder_column fusion-builder-column-2 fusion_builder_column_1_3 1_3 fusion-flex-column fusion-column-inner-bg-wrapper fusion-column-liftup-border\" style=\"--awb-padding-top:15%;--awb-padding-right:9%;--awb-padding-bottom:15%;--awb-padding-left:9%;--awb-padding-top-small:60px;--awb-padding-right-small:30px;--awb-padding-bottom-small:60px;--awb-padding-left-small:30px;--awb-inner-bg-image:linear-gradient(180deg, rgba(0,0,0,0.12) 0%,rgba(0,0,0,0.4) 100%);;--awb-inner-bg-size:cover;--awb-width-large:33.333333333333%;--awb-margin-top-large:0px;--awb-spacing-right-large:0px;--awb-margin-bottom-large:-1px;--awb-spacing-left-large:0px;--awb-width-medium:33.333333333333%;--awb-order-medium:0;--awb-spacing-right-medium:0px;--awb-spacing-left-medium:0px;--awb-width-small:100%;--awb-order-small:0;--awb-spacing-right-small:0px;--awb-spacing-left-small:0px;\"><span class=\"fusion-column-inner-bg hover-type-liftup\"><a class=\"fusion-column-anchor\" href=\"https:\/\/development.wyde.dog\/index.php\/einzeltraining\/\" target=\"_blank\" rel=\"noopener\"><span class=\"fusion-column-inner-bg-image lazyload\" data-bg=\"https:\/\/development.wyde.dog\/wp-content\/uploads\/2020\/04\/banner-8@2x.jpg\" data-bg-gradient=\"linear-gradient(180deg, rgba(0,0,0,0.12) 0%,rgba(0,0,0,0.4) 100%)\"><\/span><\/a><\/span><div class=\"fusion-column-wrapper fusion-flex-justify-content-center fusion-content-layout-column fusion-column-has-bg-image\" data-bg-url=\"https:\/\/development.wyde.dog\/wp-content\/uploads\/2020\/04\/banner-8@2x.jpg\"><div class=\"fusion-title title fusion-title-3 fusion-sep-none fusion-title-center fusion-title-text fusion-title-size-two\" style=\"--awb-text-color:#ffffff;--awb-font-size:14px;\"><h2 class=\"fusion-title-heading title-heading-center fusion-responsive-typography-calculated\" style=\"font-family:&quot;Work Sans&quot;;font-style:normal;font-weight:600;margin:0;font-size:1em;letter-spacing:2px;--fontSize:14;line-height:1.35;\"><p style=\"text-align: center;\">F\u00dcR INTENSIVLERNER<\/p><\/h2><\/div><div class=\"fusion-title title fusion-title-4 fusion-sep-none fusion-title-center fusion-title-text fusion-title-size-three\" style=\"--awb-text-color:#ffffff;--awb-margin-bottom:6%;--awb-margin-bottom-small:25px;--awb-font-size:35px;\"><h3 class=\"fusion-title-heading title-heading-center fusion-responsive-typography-calculated\" style=\"font-family:&quot;Trocchi&quot;;margin:0;font-size:1em;--fontSize:35;line-height:1.35;\">Einzeltraining<\/h3><\/div><\/div><\/div><div class=\"fusion-layout-column fusion_builder_column fusion-builder-column-3 fusion_builder_column_1_3 1_3 fusion-flex-column fusion-column-inner-bg-wrapper fusion-column-liftup-border\" style=\"--awb-padding-top:15%;--awb-padding-right:9%;--awb-padding-bottom:15%;--awb-padding-left:9%;--awb-padding-top-small:60px;--awb-padding-right-small:30px;--awb-padding-bottom-small:60px;--awb-padding-left-small:30px;--awb-inner-bg-image:linear-gradient(180deg, rgba(0,0,0,0.12) 0%,rgba(0,0,0,0.4) 100%);;--awb-inner-bg-size:cover;--awb-width-large:33.333333333333%;--awb-margin-top-large:0px;--awb-spacing-right-large:0px;--awb-margin-bottom-large:-1px;--awb-spacing-left-large:0px;--awb-width-medium:33.333333333333%;--awb-order-medium:0;--awb-spacing-right-medium:0px;--awb-spacing-left-medium:0px;--awb-width-small:100%;--awb-order-small:0;--awb-spacing-right-small:0px;--awb-spacing-left-small:0px;\"><span class=\"fusion-column-inner-bg hover-type-liftup\"><a class=\"fusion-column-anchor\" href=\"https:\/\/development.wyde.dog\/index.php\/kurse\/\" target=\"_blank\" rel=\"noopener\"><span class=\"fusion-column-inner-bg-image lazyload\" data-bg=\"https:\/\/development.wyde.dog\/wp-content\/uploads\/2020\/04\/banner-3@2x-scaled-1.jpg\" data-bg-gradient=\"linear-gradient(180deg, rgba(0,0,0,0.12) 0%,rgba(0,0,0,0.4) 100%)\"><\/span><\/a><\/span><div class=\"fusion-column-wrapper fusion-flex-justify-content-center fusion-content-layout-column fusion-column-has-bg-image\" data-bg-url=\"https:\/\/development.wyde.dog\/wp-content\/uploads\/2020\/04\/banner-3@2x-scaled-1.jpg\"><div class=\"fusion-title title fusion-title-5 fusion-sep-none fusion-title-center fusion-title-text fusion-title-size-two\" style=\"--awb-text-color:#ffffff;--awb-font-size:14px;\"><h2 class=\"fusion-title-heading title-heading-center fusion-responsive-typography-calculated\" style=\"font-family:&quot;Work Sans&quot;;font-style:normal;font-weight:600;margin:0;font-size:1em;letter-spacing:2px;--fontSize:14;line-height:1.35;\"><p style=\"text-align: center;\">F\u00dcR RUDELTIERE<\/p><\/h2><\/div><div class=\"fusion-title title fusion-title-6 fusion-sep-none fusion-title-center fusion-title-text fusion-title-size-three\" style=\"--awb-text-color:#ffffff;--awb-margin-bottom:6%;--awb-margin-bottom-small:25px;--awb-font-size:35px;\"><h3 class=\"fusion-title-heading title-heading-center fusion-responsive-typography-calculated\" style=\"font-family:&quot;Trocchi&quot;;margin:0;font-size:1em;--fontSize:35;line-height:1.35;\">Kurse<\/h3><\/div><\/div><\/div><div class=\"fusion-layout-column fusion_builder_column fusion-builder-column-4 fusion_builder_column_1_3 1_3 fusion-flex-column fusion-column-inner-bg-wrapper fusion-column-liftup-border\" style=\"--awb-padding-top:15%;--awb-padding-right:9%;--awb-padding-bottom:15%;--awb-padding-left:9%;--awb-padding-top-small:60px;--awb-padding-right-small:30px;--awb-padding-bottom-small:60px;--awb-padding-left-small:30px;--awb-inner-bg-image:linear-gradient(180deg, rgba(0,0,0,0.12) 0%,rgba(0,0,0,0.4) 100%);;--awb-inner-bg-size:cover;--awb-width-large:33.333333333333%;--awb-margin-top-large:0px;--awb-spacing-right-large:0px;--awb-margin-bottom-large:-1px;--awb-spacing-left-large:0px;--awb-width-medium:33.333333333333%;--awb-order-medium:0;--awb-spacing-right-medium:0px;--awb-spacing-left-medium:0px;--awb-width-small:100%;--awb-order-small:0;--awb-spacing-right-small:0px;--awb-spacing-left-small:0px;\"><span class=\"fusion-column-inner-bg hover-type-liftup\"><a class=\"fusion-column-anchor\" href=\"https:\/\/development.wyde.dog\/index.php\/hundewissen\/\" target=\"_blank\" rel=\"noopener\"><span class=\"fusion-column-inner-bg-image lazyload\" data-bg=\"https:\/\/development.wyde.dog\/wp-content\/uploads\/2020\/04\/blog-7.jpg\" data-bg-gradient=\"linear-gradient(180deg, rgba(0,0,0,0.12) 0%,rgba(0,0,0,0.4) 100%)\"><\/span><\/a><\/span><div class=\"fusion-column-wrapper fusion-flex-justify-content-center fusion-content-layout-column fusion-column-has-bg-image\" data-bg-url=\"https:\/\/development.wyde.dog\/wp-content\/uploads\/2020\/04\/blog-7.jpg\"><div class=\"fusion-title title fusion-title-7 fusion-sep-none fusion-title-center fusion-title-text fusion-title-size-two\" style=\"--awb-text-color:#ffffff;--awb-font-size:14px;\"><h2 class=\"fusion-title-heading title-heading-center fusion-responsive-typography-calculated\" style=\"font-family:&quot;Work Sans&quot;;font-style:normal;font-weight:600;margin:0;font-size:1em;letter-spacing:2px;--fontSize:14;line-height:1.35;\"><p style=\"text-align: center;\">F\u00dcR ALLE HUNDETHEORETIKER<\/p><\/h2><\/div><div class=\"fusion-title title fusion-title-8 fusion-sep-none fusion-title-center fusion-title-text fusion-title-size-three\" style=\"--awb-text-color:#ffffff;--awb-margin-bottom:6%;--awb-margin-bottom-small:25px;--awb-font-size:35px;\"><h3 class=\"fusion-title-heading title-heading-center fusion-responsive-typography-calculated\" style=\"font-family:&quot;Trocchi&quot;;margin:0;font-size:1em;--fontSize:35;line-height:1.35;\">Hundewissen<\/h3><\/div><\/div><\/div><\/div><\/div>\n<\/p>\n","protected":false},"excerpt":{"rendered":"","protected":false},"author":1,"featured_media":0,"parent":0,"menu_order":0,"comment_status":"closed","ping_status":"closed","template":"100-width.php","meta":{"footnotes":""},"_links":{"self":[{"href":"https:\/\/dev.wyde.dog\/index.php\/wp-json\/wp\/v2\/pages\/2229"}],"collection":[{"href":"https:\/\/dev.wyde.dog\/index.php\/wp-json\/wp\/v2\/pages"}],"about":[{"href":"https:\/\/dev.wyde.dog\/index.php\/wp-json\/wp\/v2\/types\/page"}],"author":[{"embeddable":true,"href":"https:\/\/dev.wyde.dog\/index.php\/wp-json\/wp\/v2\/users\/1"}],"replies":[{"embeddable":true,"href":"https:\/\/dev.wyde.dog\/index.php\/wp-json\/wp\/v2\/comments?post=2229"}],"version-history":[{"count":16,"href":"https:\/\/dev.wyde.dog\/index.php\/wp-json\/wp\/v2\/pages\/2229\/revisions"}],"predecessor-version":[{"id":2584,"href":"https:\/\/dev.wyde.dog\/index.php\/wp-json\/wp\/v2\/pages\/2229\/revisions\/2584"}],"wp:attachment":[{"href":"https:\/\/dev.wyde.dog\/index.php\/wp-json\/wp\/v2\/media?parent=2229"}],"curies":[{"name":"wp","href":"https:\/\/api.w.org\/{rel}","templated":true}]}}